323203?
False
Is 64 a factor of 9920?
True
Is 360 a factor of 18934?
False
Is 16907 a multiple of 58?
False
Does 542 divide 2386426?
True
Is 33 a factor of 258720?
True
Is 6 a factor of 45824?
False
Is 154 a factor of 231154?
True
Is 2029186 a multiple of 13?
False
Is 101 a factor of 92276?
False
Does 410 divide 9944550?
True
Is 14 a factor of 18218663?
False
Is 174 a factor of 139374?
True
Does 22 divide 6186510?
True
Is 58128 even?
True
Is 12511 a multiple of 5?
False
Is 31 a factor of 1970918?
True
Does 17 divide 1106241?
True
Does 30 divide 318859?
False
Is 26398670 a multiple of 1079?
False
Is 13 a factor of 3559?
False
Does 287 divide 48908?
False
Does 96 divide 683712?
True
Is 15 a factor of 537984?
False
Is 1135913 a multiple of 17?
False
Is 11 a factor of 3056150?
False
Is 14 a factor of 73416?
True
Is 68 a factor of 30581064?
False
Is 1413594 a multiple of 21?
True
Is 668507 a multiple of 61?
False
Does 26 divide 55302?
True
Is 15 a factor of 1868250?
True
Is 5 a factor of 1161?
False
Is 12563406 a multiple of 74?
False
Is 1632390 a multiple of 30?
True
Is 468 a factor of 127666?
False
Is 595 a factor of 297500?
True
Does 1948 divide 8995864?
True
Is 306 a factor of 241382?
False
Is 89144 a multiple of 22?
True
Is 17462448 a multiple of 36?
True
Is 1062360 a multiple of 13?
True
Is 301 a factor of 8939644?
False
Is 26 a factor of 3822910?
True
Is 3042180 a multiple of 10?
True
Is 180020 a multiple of 6?
False
Is 42197 even?
False
Is 68 a factor of 54277?
False
Is 6888318 a multiple of 823?
False
Does 13 divide 1443143?
True
Is 101464 a multiple of 8?
True
Is 3 a factor of 14670?
True
Is 27 a factor of 6372?
True
Is 31 a factor of 8933468?
False
Does 1246 divide 1368108?
True
Is 143701 a multiple of 4?
False
Is 120 a factor of 5024160?
True
Is 3 a factor of 1072062?
True
Does 17 divide 46410?
True
Is 2396171 a multiple of 18?
False
Does 729 divide 7122330?
True
Is 5643904 a multiple of 448?
True
Is 7942020 a multiple of 6?
True
Does 42 divide 911032?
False
Does 82 divide 124942?
False
Is 1577251 a multiple of 33?
False
Is 91203 a multiple of 21?
True
Is 73 a factor of 44238?
True
Does 56 divide 3723496?
True
Is 14 a factor of 236644?
False
Is 91 a factor of 103451?
False
Is 123 a factor of 65127?
False
Is 10938 a multiple of 15?
False
Does 20 divide 2696100?
True
Is 37 a factor of 26418?
True
Is 123 a factor of 3021095?
False
Is 4338759 a multiple of 79?
True
Does 13 divide 93412?
False
Does 52 divide 388134?
False
Is 3192775 a multiple of 5?
True
Does 64 divide 995085?
False
Does 48 divide 172416?
True
Does 130 divide 20540?
True
Is 10 a factor of 1917083?
False
Is 326 a factor of 2631798?
True
Is 7104669 a multiple of 143?
True
Is 1533320 a multiple of 490?
False
Is 943720 a multiple of 608?
False
Does 63 divide 747363?
False
Is 92 a factor of 60219?
False
Is 286569 a multiple of 51?
True
Is 406601 a multiple of 40?
False
Is 10 a factor of 4780?
True
Does 150 divide 9395550?
True
Is 30557950 a multiple of 1525?
True
Is 278016 a multiple of 362?
True
Is 418735 a multiple of 53?
False
Is 277512 a multiple of 62?
True
Is 71311 a multiple of 12?
False
Is 128534 a multiple of 6?
False
Does 5 divide 9300?
True
Does 125 divide 663081?
False
Is 10888 a multiple of 3?
False
Is 5112 a multiple of 9?
True
Is 4846043 a multiple of 1884?
False
Is 4 a factor of 135551?
False
Does 63 divide 1614900?
False
Is 274041 a multiple of 309?
False
Does 760 divide 177840?
True
Does 8 divide 4689072?
True
Is 1306357 a multiple of 15?
False
Is 19 a factor of 18791?
True
Is 8 a factor of 691687?
False
Is 1028370 a multiple of 354?
True
Does 7 divide 258090?
True
Is 13 a factor of 1131380?
False
Is 20965667 a multiple of 64?
False
Does 14 divide 54426?
False
Does 75 divide 146025?
True
Is 38 a factor of 60717?
False
Does 1007 divide 2109877?
False
Does 188 divide 754709?
False
Is 38 a factor of 7316014?
False
Does 11 divide 22011?
True
Does 45 divide 1105828?
False
Is 8 a factor of 832176?
True
Is 2868518 a multiple of 10?
False
Is 26 a factor of 3185052?
True
Is 144039 a multiple of 19?
True
Is 179520 a multiple of 68?
True
Is 1077361 a multiple of 500?
False
Is 618329 a multiple of 277?
False
Is 141234 a multiple of 6?
True
Is 4 a factor of 75844?
True
Is 18 a factor of 281682?
True
Does 5 divide 1582600?
True
Is 586531 a multiple of 76?
False
Does 174 divide 652196?
False
Does 35 divide 329315?
True
Is 37 a factor of 3039402?
True
Is 29 a factor of 988206?
False
Does 11 divide 41012?
False
Is 182 a factor of 1396127?
False
Is 7 a factor of 1359659?
True
Is 242 a factor of 2780636?
False
Does 41 divide 551204?
True
Does 80 divide 168345?
False
Is 45154 a multiple of 164?
False
Is 116748 a multiple of 141?
True
Is 130 a factor of 681980?
True
Is 961 a factor of 617051?
False
Is 2127768 a multiple of 30?
False
Is 11610 a multiple of 258?
True
Does 121 divide 4196215?
False
Does 19 divide 479332?
True
Is 73887 a multiple of 79?
False
Does 224 divide 162400?
True
Is 1184508 a multiple of 118?
False
Is 394417 a multiple of 320?
False
Is 16 a factor of 316112?
True
Is 5 a factor of 1463807?
False
Does 21 divide 47796?
True
Does 34 divide 1917124?
True
Is 220 a factor of 172920?
True
Is 5 a factor of 231285?
True
Does 20 divide 7777255?
False
Does 126 divide 680559?
False
Is 17 a factor of 1071820?
False
Does 210 divide 70556?
False
Is 1254192 a multiple of 348?
True
Is 3 a factor of 9837?
True
Does 179 divide 78006?
False
Is 17 a factor of 60554?
True
Is 293 a factor of 91608?
False
Is 507981 a multiple of 28?
False
Does 511 divide 754578?
False
Does 4 divide 46092?
True
Is 712720 a multiple of 59?
True
Does 387 divide 3988422?
True
Is 8327100 a multiple of 81?
False
Does 32 divide 214688?
True
Is 10188 a multiple of 27?
False
Is 158694 a multiple of 25?
False
Does 60 divide 1147080?
True
Is 26 a factor of 268597?
False
Is 3437394 a multiple of 41?
False
Is 1241620 a multiple of 10?
True
Is 1430352 a multiple of 99?
True
Is 1183172 a multiple of 212?
True
Is 17 a factor of 34425?
True
Is 1681404 a multiple of 244?
True
Does 234 divide 268938?
False
Is 5 a factor of 147797?
False
Is 93685 a multiple of 41?
True
Is 70280 a multiple of 56?
True
Does 6 divide 263993?
False
Is 5 a factor of 4525145?
True
Is 420492 a multiple of 402?
True
Is 605313 a multiple of 9?
True
Is 2050573 a multiple of 95?
False
Is 1211782 a multiple of 22?
True
Is 1074615 a multiple of 23?
False
Is 115326 a multiple of 43?
True
Does 40 divide 177207?
False
Is 473209 a multiple of 61?
False
Is 271644 a multiple of 69?
False
Is 47728 a multiple of 76?
True
Does 527 divide 2827811?
False
Does 105 divide 22161825?
True
Is 192621 a multiple of 13?
True
Is 78 a factor of 9448296?
True
Does 18 divide 2619001?
False
Does 14 divide 267079?
False
Is 170 a factor of 207375?
False
Does 9 divide 20005?
False
Is 211 a factor of 93344?
False
Does 118 divide 193874?
True
Does 84 divide 64512?
True
Is 10 a factor of 544817?
False
Is 7904 a multiple of 416?
True
Is 7464622 a multiple of 2182?
True
Is 556073 a multiple of 113?
True
Does 52 divide 3388864?
False
Is 240358 a multiple of 16?
False
Is 32724 a multiple of 36?
True
Does 179 divide 3101191?
False
Is 97 a factor of 479961?
False
Is 90 a factor of 118723?
False
Does 15 divide 155670?
True
Does 624 divide 3713250?
False
Is 303575 a multiple of 9?
False
Does 37 divide 102009?
True
Is 92 a factor of 2937447?
False
Is 268153 a multiple of 202?
False
Does 41 divide 207173?
True
Does 249 divide 592869?
True
Is 43 a factor of 46096?
True
Is 274230 a multiple of 90?
True
Is 178 a factor of 129584?
True
Is 21001259 a multiple of 701?
True
Is 5550983 a multiple of 19?
True
Is 16 a factor of 12365?
False
Does 23 divide 11752218?
True
Does 11 divide 2377969?
True
Is 3515904 a multiple of 218?
True
Is 479864 a multiple of 451?
True
Does 11 divide 295501?
False
Is 196102 a multiple of 7?
False
Is 54 a factor of 83683?
False
Is 131470 a multiple of 20?
False
Is 546609 a multiple of 33?
False
Is 474 a factor of 416167?
False
Does 11 divide 9253?
False
Does 42 divide 209133?
False
Is 32059322 a multiple of 413?
False
Does 208 divide 2714142?
False
Is 5095074 a multiple of 245?
False
Does 252 divide 846972?
True
Does 309 divide 64890?
True
Is 59 a factor of 68676?
Tr